 16579051 a prime number?
True
Is 48767287 prime?
False
Is 762541 a prime number?
False
Is 2547839 a composite number?
True
Is 48085823 a prime number?
True
Is 3231773 prime?
True
Is 598765495 a prime number?
False
Is 151889123 prime?
True
Is 2164501 prime?
True
Is 17153519 a prime number?
False
Is 7887403 prime?
True
Is 24532691 prime?
True
Is 77894603 prime?
False
Is 4219283 a prime number?
True
Is 229111 composite?
True
Is 19002019 a prime number?
True
Is 4888309 prime?
True
Is 5163643 a composite number?
True
Is 501563 composite?
False
Is 38431073 a composite number?
False
Is 66706727 a composite number?
True
Is 3151361 composite?
False
Is 29695433 prime?
False
Is 1862381 composite?
False
Is 6226499 prime?
True
Is 155095 a composite number?
True
Is 39385991 a prime number?
False
Is 20118161 composite?
True
Is 135346751 a prime number?
False
Is 95541 a composite number?
True
Is 76037762 a composite number?
True
Is 15136543 composite?
True
Is 26777201 composite?
True
Is 283832707 a prime number?
True
Is 39569905 composite?
True
Is 40235449 a composite number?
False
Is 2980781 a prime number?
False
Is 205459003 prime?
True
Is 50497279 prime?
False
Is 10040431 a composite number?
True
Is 696011 a composite number?
True
Is 3184255 prime?
False
Is 14853067 a composite number?
False
Is 2535677 composite?
True
Is 130487771 a composite number?
False
Is 3329869 a composite number?
True
Is 6736111 prime?
True
Is 496763 composite?
False
Is 285697322 a composite number?
True
Is 14410021 prime?
True
Is 9844217 prime?
True
Is 4777621 a prime number?
True
Is 2624999 prime?
False
Is 506036402 composite?
True
Is 461645102 prime?
False
Is 3892571 composite?
False
Is 3555997 a prime number?
False
Is 8115161 a prime number?
False
Is 26857778 prime?
False
Is 7857001 a prime number?
True
Is 13278647 prime?
False
Is 66751859 a composite number?
False
Is 7879679 a composite number?
False
Is 61065793 a composite number?
True
Is 2053507 a prime number?
True
Is 78328823 prime?
False
Is 18040439 composite?
False
Is 112571839 a composite number?
False
Is 890107 composite?
False
Is 2284913 prime?
True
Is 162815327 a prime number?
True
Is 39756547 a composite number?
False
Is 471718829 a composite number?
False
Is 9685643 a prime number?
False
Is 107365087 a prime number?
True
Is 84672763 a prime number?
False
Is 68816431 composite?
True
Is 1383323 a composite number?
False
Is 9942953 composite?
True
Is 174104417 a composite number?
True
Is 12035357 a prime number?
True
Is 9834995 a prime number?
False
Is 782170681 a composite number?
False
Is 10025459 prime?
True
Is 5035631 a prime number?
True
Is 12756929 a prime number?
True
Is 124069007 a prime number?
True
Is 6430157 composite?
False
Is 18931555 a composite number?
True
Is 132299669 a prime number?
False
Is 3388677 composite?
True
Is 35927949 a prime number?
False
Is 505583 prime?
False
Is 2589427 a prime number?
True
Is 3550979 a prime number?
True
Is 272474177 prime?
False
Is 170965523 a prime number?
True
Is 299824403 composite?
True
Is 626226941 prime?
True
Is 3089269 a prime number?
True
Is 43287997 a prime number?
False
Is 7107019 a composite number?
True
Is 229607177 prime?
True
Is 209840773 composite?
False
Is 332409607 prime?
True
Is 783577 prime?
False
Is 583031 a composite number?
False
Is 92043667 a prime number?
False
Is 13477001 a composite number?
False
Is 5744023 composite?
True
Is 31395437 prime?
False
Is 2032909 a prime number?
True
Is 6163855 a prime number?
False
Is 92238317 composite?
False
Is 51551 prime?
True
Is 2398691 a composite number?
True
Is 22103007 a prime number?
False
Is 3961739 composite?
True
Is 36960017 prime?
False
Is 33124961 a composite number?
True
Is 448241 a composite number?
False
Is 756589 composite?
True
Is 34155103 prime?
False
Is 1307323 a composite number?
True
Is 165134971 composite?
True
Is 1123879 a prime number?
True
Is 569116339 composite?
True
Is 320095 a composite number?
True
Is 6353213 prime?
True
Is 3413561 composite?
True
Is 612545 a composite number?
True
Is 8740273 a prime number?
True
Is 131992609 composite?
True
Is 116718509 a composite number?
False
Is 20977129 a composite number?
False
Is 36016583 a prime number?
False
Is 3281743 a composite number?
True
Is 69911 prime?
True
Is 290933 a prime number?
False
Is 9571453 a composite number?
False
Is 122556419 prime?
True
Is 15439159 prime?
True
Is 60789991 a prime number?
False
Is 4708763 composite?
False
Is 2247383 a prime number?
False
Is 1572899 prime?
False
Is 678611 prime?
True
Is 3331123 a prime number?
False
Is 148739 a composite number?
True
Is 841961 a prime number?
False
Is 4858861 composite?
True
Is 1273981 a prime number?
True
Is 15481493 composite?
True
Is 612211 prime?
False
Is 6696917 a composite number?
False
Is 30998774 composite?
True
Is 16968759 a composite number?
True
Is 1487167 prime?
False
Is 4176833 a composite number?
False
Is 5201267 a composite number?
False
Is 2931493 prime?
True
Is 34480127 prime?
False
Is 20776649 prime?
False
Is 301283597 a prime number?
False
Is 52751869 prime?
True
Is 15018557 a composite number?
True
Is 130790839 composite?
False
Is 1908857 a composite number?
False
Is 127733627 a composite number?
True
Is 203287067 prime?
True
Is 3235357 prime?
False
Is 118744399 composite?
True
Is 42603419 composite?
True
Is 664259 a composite number?
True
Is 12818959 a composite number?
False
Is 4109374 a prime number?
False
Is 144396071 prime?
False
Is 7380799 a prime number?
True
Is 618283 a composite number?
True
Is 2068193 composite?
True
Is 19511377 prime?
False
Is 965953 prime?
True
Is 17652815 a prime number?
False
Is 20242669 a composite number?
True
Is 65719193 prime?
True
Is 5658689 a prime number?
False
Is 89255077 a composite number?
True
Is 27179587 a prime number?
False
Is 18853991 composite?
True
Is 6137161 prime?
False
Is 73879735 a prime number?
False
Is 292993859 prime?
True
Is 38889407 prime?
False
Is 553867199 a prime number?
True
Is 6973367 composite?
True
Is 13213447 composite?
True
Is 9208087 composite?
True
Is 2995351 a prime number?
True
Is 102834353 a prime number?
False
Is 249363973 a composite number?
True
Is 1094323 composite?
True
Is 7644887 a prime number?
True
Is 11525194 a composite number?
True
Is 882137957 prime?
True
Is 5292181 a prime number?
False
Is 74163769 a prime number?
False
Is 79522 composite?
True
Is 30931085 prime?
False
Is 5282923 prime?
True
Is 1346419 composite?
False
Is 23464061 a composite number?
False
Is 1795109 a composite number?
False
Is 20059777 prime?
False
Is 124969909 composite?
False
Is 611089 a composite number?
True
Is 508727 a composite number?
False
Is 57632827 a composite number?
True
Is 87487813 prime?
False
Is 296523137 a prime number?
False
Is 200232407 prime?
False
Is 6796799 prime?
False
Is 238199501 composite?
True
Is 26671118 prime?
False
Is 50873822 composite?
True
Is 13785823 prime?
True
Is 7026953 composite?
True
Is 149544883 a composite number?
False
Is 7978757 a prime number?
True
Is 968659 a prime number?
True
Is 32502391 a composite number?
True
Is 10790951 prime?
True
Is 4237963 a composite number?
False
Is 7147906 a prime number?
False
Is 18824919 prime?
False
Is 9927217 prime?
True
Is 4146267 a prime number?
False
Is 417419 a composite number?
False
Is 1942307 a prime number?
True
Is 41010049 a prime number?
True
Is 8389931 prime?
False
Is 1442074 composite?
True
Is 315114419 a prime number?
True
Is 273337273 a prime number?
False
Is 180426263 composite?
False
Is 61514977 a prime number?
True
Is 9336661 a prime number?
True
Is 9394973 a composite number?
True
Is 343177871 composite?
True
Is 22294307 a composite number?
True
Is 22932893 a prime number?
True
Is 4610087 composite?
False
Is 14879 composite?
False
Is 2785511 composite?
False
Is 7873009 a prime number?
True
Is 3757807 a composite number?
False
Is 1935537 prime?
False
Is 6130437 composite?
True
Is 5662243 a composite number?
True
Is 2592311 a composite number?
False
Is 23587271 composite?
True
Is 5042017 a prime number?
False
Is 8883505 prime?
False
Is 65798179 prime?
True
Is 376701361 prime?
False
Is 908299 a prime number?
False
Is 14666831 prime?
False
Is 4189819 prime?
True
Is 15969257 composite?
False
Is 8849363 a prim